{"id":1216,"date":"2017-11-26T19:46:25","date_gmt":"2017-11-26T19:46:25","guid":{"rendered":"http:\/\/www.dgrsantiago.gob.ar\/?post_type=ufaq&#038;p=1216"},"modified":"2017-12-05T16:06:11","modified_gmt":"2017-12-05T16:06:11","slug":"que-documentacion-se-debe-acompanar-para-obtener-el-beneficio-de-exencion-del-art-356-inc-d-de-la-ley-6-792-y-sus-modificatorias-referido-a-los-automotores-destinados-especi","status":"publish","type":"ufaq","link":"http:\/\/www.dgrsantiago.gov.ar\/?ufaq=que-documentacion-se-debe-acompanar-para-obtener-el-beneficio-de-exencion-del-art-356-inc-d-de-la-ley-6-792-y-sus-modificatorias-referido-a-los-automotores-destinados-especi","title":{"rendered":"\u00bfQU\u00c9 DOCUMENTACI\u00d3N SE DEBE ACOMPA\u00d1AR PARA OBTENER EL BENEFICIO DE EXENCI\u00d3N DEL ART. 356 INC.  \u201cD\u201d DE LA LEY 6.792 Y SUS MODIFICATORIAS REFERIDO A LOS AUTOMOTORES DESTINADOS ESPECIALMENTE AL MANEJO O TRASLADO DE PERSONAS DISCAPACITADAS?"},"content":{"rendered":"<style>.ewd-ufaq-post-margin-symbol span {\nmargin-top:15px;\n}\n\n.ufaq-faq-title-text {\nfloat:left;\nwidth:90%;\nbackground-color:#9aca3c;\ncolor:white;\npadding:17px;\nmargin-bottom:17px!important;\n}<\/style><div  class=\"ewd-ufaq-faq-list ewd-ufaq-page-type-load_more\" id='ewd-ufaq-faq-list'>\n\n\t<input type='hidden' name='include_category' value='' id='ewd-ufaq-include-category' \/>\n<input type='hidden' name='exclude_category' value='' id='ewd-ufaq-exclude-category' \/>\n<input type='hidden' name='orderby' value='date' id='ewd-ufaq-orderby' \/>\n<input type='hidden' name='order' value='desc' id='ewd-ufaq-order' \/>\n<input type='hidden' name='post_count' value='-1' id='ewd-ufaq-post-count' \/>\n<input type='hidden' name='current_url' value='\/index.php?rest_route=%2Fwp%2Fv2%2Fufaq%2F1216' id='ewd-ufaq-current-url' \/>\n\t\n\t\n\t<div class='ewd-ufaq-faqs'>\n\n\t\t<div  class=\"ewd-ufaq-faq-div ewd-ufaq-faq-column-count-one ewd-ufaq-faq-responsive-columns- ewd-ufaq-faq-display-style-default ewd-ufaq-can-be-toggled\" id='ewd-ufaq-post-1216-1XRpXk8n1e' data-post_id='1216'>\n\n\t<div class='ewd-ufaq-faq-title ewd-ufaq-faq-toggle'>\n\t\n\t<a class='ewd-ufaq-post-margin'  href='http:\/\/www.dgrsantiago.gov.ar\/?ufaq=que-documentacion-se-debe-acompanar-para-obtener-el-beneficio-de-exencion-del-art-356-inc-d-de-la-ley-6-792-y-sus-modificatorias-referido-a-los-automotores-destinados-especi'>\n\n\t\t<div class='ewd-ufaq-post-margin-symbol ewd-ufaq-square'>\n\t\t\t<span >A<\/span>\n\t\t<\/div>\n\n\t\t<div class='ewd-ufaq-faq-title-text'>\n\n\t\t\t<h4>\n\t\t\t\t\u00bfQU\u00c9 DOCUMENTACI\u00d3N SE DEBE ACOMPA\u00d1AR PARA OBTENER EL BENEFICIO DE EXENCI\u00d3N DEL ART. 356 INC.  \u201cD\u201d DE LA LEY 6.792 Y SUS MODIFICATORIAS REFERIDO A LOS AUTOMOTORES DESTINADOS ESPECIALMENTE AL MANEJO O TRASLADO DE PERSONAS DISCAPACITADAS?\t\t\t<\/h4>\n\n\t\t<\/div>\n\n\t\t<div class='ewd-ufaq-clear'><\/div>\n\n\t<\/a>\n\t\n<\/div>\n\t\n\t<div class='ewd-ufaq-faq-body ' >\n\n\t\t\n\t\t\t\n\t\t\n\t\t\t<div class='ewd-ufaq-post-margin ewd-ufaq-faq-post'>\n\t<p>La Resoluci\u00f3n General 105\/06 establece los requisitos para la solicitud de exenci\u00f3n al impuesto automotor efectuada por personas discapacitadas, de acuerdo a lo establecido en el ART. 356\u00ba de la Ley 6792 y sus modificatorias. Debiendo tenerse en cuenta que el beneficio alcanzar\u00e1 \u00fanicamente un veh\u00edculo automotor por propietario.<\/p>\n<ol>\n<li>Formulario F.601-Solicitud de Exenci\u00f3n Impositiva RG 09\/2008, firmada por la persona discapacitada, padres, c\u00f3nyuges o persona que tenga la guarda judicial, previo pago de la tasa retributiva de servicios.<a href=\"http:\/\/www.dgrsantiago.gob.ar\/wp-content\/uploads\/2017\/11\/F-601.pdf\"><img loading=\"lazy\" decoding=\"async\" class=\"alignnone wp-image-1146 size-full\" src=\"http:\/\/www.dgrsantiago.gob.ar\/wp-content\/uploads\/2017\/11\/iconos-2.png\" alt=\"\" width=\"200\" height=\"49\" \/><\/a><\/li>\n<li>Certificado de residencia de los padres, c\u00f3nyuges o persona que tenga la guarda judicial, para acreditar que conviven con la persona discapacitada.<\/li>\n<li>Copia del t\u00edtulo automotor certificada por el Registro Nacional de Propiedad Automotor.<\/li>\n<li>Certificado M\u00e9dico expedido por el Ministerio de Salud P\u00fablica, Centro de Rehabilitaci\u00f3n del Lisiado u otra Autoridad oficial con competencia para hacerlo, con firma de la autoridad superior a cargo del organismo.<\/li>\n<li>Declaraci\u00f3n jurada de la polic\u00eda manifestando que el veh\u00edculo es el \u00fanico bien para el que se solicita la exenci\u00f3n. En caso de padres, c\u00f3nyuges o tutor legal se debe acompa\u00f1ar DDJJ manifestando que el veh\u00edculo est\u00e1 especialmente destinado al traslado de la persona con necesidades especiales.<\/li>\n<\/ol>\n<p><strong>\u00a0<\/strong><\/p>\n<ul>\n<li><strong>\u00bfC\u00f3mo se procede si la presentaci\u00f3n la realiza el curador de la persona incapaz?<\/strong><\/li>\n<\/ul>\n<p>El curador debe presentar:<\/p>\n<ul>\n<li>Certificado de incapacidad<\/li>\n<li>Certificado de curatela<\/li>\n<li>Certificado de residencia de ambos<\/li>\n<\/ul>\n<p><strong>\u00a0<\/strong><\/p>\n<p>\u00a0<\/p>\n<ul>\n<li><strong>\u00bfCu\u00e1ndo se produce la caducidad del beneficio? <\/strong><\/li>\n<\/ul>\n<p>El beneficio caduca en los siguientes casos:<\/p>\n<p>-Transferencia o denuncia de venta del veh\u00edculo<\/p>\n<p>-Vencimiento del certificado de incapacidad<\/p>\n<p>-Cese de las condiciones de discapacidad f\u00edsica<\/p>\n<p>\u00a0<\/p>\n<p>\u00a0<\/p>\n<ul>\n<li><strong>\u00bfQu\u00e9 ocurre si cambian las condiciones de discapacidad y\/o se realiza la transferencia o denuncia de venta del veh\u00edculo?<\/strong><\/li>\n<\/ul>\n<p>Se debe comunicar de inmediato cualquier cambio producido sea por desaparici\u00f3n de la causa de discapacidad o por cambio en la titularidad del bien, mediante NOTA solicitando la baja y adjuntando la copia de la resoluci\u00f3n de exenci\u00f3n.<\/p>\n<p>\u00a0<\/p>\n<\/div>\n\t\t\n\t\t\t<div class='ewd-ufaq-faq-custom-fields'>\n\n\t\n<\/div>\n\t\t\n\t\t\t\n\t\t\n\t\t\t\n\t\t\n\t\t\t\n\t\t\n\t\t\t\n\t\t\n\t\t\t\n\t\t\n\t\t\t\n\t\t\n\t\t\t\n\t\t\n\t<\/div>\n\n<\/div>\n\t<\/div>\n\n\t\n<\/div>","protected":false},"excerpt":{"rendered":"<p>A \u00bfQU\u00c9 DOCUMENTACI\u00d3N SE DEBE ACOMPA\u00d1AR PARA OBTENER EL BENEFICIO DE EXENCI\u00d3N DEL ART. 356 INC. \u201cD\u201d DE LA LEY 6.792 Y SUS MODIFICATORIAS REFERIDO A LOS AUTOMOTORES DESTINADOS ESPECIALMENTE AL MANEJO O TRASLADO DE PERSONAS DISCAPACITADAS? La Resoluci\u00f3n General 105\/06 establece los requisitos para la solicitud de exenci\u00f3n al<\/p>\n","protected":false},"author":1,"comment_status":"closed","ping_status":"closed","template":"","ufaq-category":[30],"ufaq-tag":[],"_links":{"self":[{"href":"http:\/\/www.dgrsantiago.gov.ar\/index.php?rest_route=\/wp\/v2\/ufaq\/1216"}],"collection":[{"href":"http:\/\/www.dgrsantiago.gov.ar\/index.php?rest_route=\/wp\/v2\/ufaq"}],"about":[{"href":"http:\/\/www.dgrsantiago.gov.ar\/index.php?rest_route=\/wp\/v2\/types\/ufaq"}],"author":[{"embeddable":true,"href":"http:\/\/www.dgrsantiago.gov.ar\/index.php?rest_route=\/wp\/v2\/users\/1"}],"replies":[{"embeddable":true,"href":"http:\/\/www.dgrsantiago.gov.ar\/index.php?rest_route=%2Fwp%2Fv2%2Fcomments&post=1216"}],"wp:attachment":[{"href":"http:\/\/www.dgrsantiago.gov.ar\/index.php?rest_route=%2Fwp%2Fv2%2Fmedia&parent=1216"}],"wp:term":[{"taxonomy":"ufaq-category","embeddable":true,"href":"http:\/\/www.dgrsantiago.gov.ar\/index.php?rest_route=%2Fwp%2Fv2%2Fufaq-category&post=1216"},{"taxonomy":"ufaq-tag","embeddable":true,"href":"http:\/\/www.dgrsantiago.gov.ar\/index.php?rest_route=%2Fwp%2Fv2%2Fufaq-tag&post=1216"}],"curies":[{"name":"wp","href":"https:\/\/api.w.org\/{rel}","templated":true}]}}

¿QUÉ DOCUMENTACIÓN SE DEBE ACOMPAÑAR PARA OBTENER EL BENEFICIO DE EXENCIÓN DEL ART. 356 INC.  “D” DE LA LEY 6.792 Y SUS MODIFICATORIAS REFERIDO A LOS AUTOMOTORES DESTINADOS ESPECIALMENTE AL MANEJO O TRASLADO DE PERSONAS DISCAPACITADAS?

<style>.ewd-ufaq-post-margin-symbol span {
margin-top:15px;
}

.ufaq-faq-title-text {
float:left;
width:90%;
background-color:#9aca3c;
color:white;
padding:17px;
margin-bottom:17px!important;
}</style><div  class="ewd-ufaq-faq-list ewd-ufaq-page-type-load_more" id='ewd-ufaq-faq-list'>

	<input type='hidden' name='include_category' value='' id='ewd-ufaq-include-category' />
<input type='hidden' name='exclude_category' value='' id='ewd-ufaq-exclude-category' />
<input type='hidden' name='orderby' value='date' id='ewd-ufaq-orderby' />
<input type='hidden' name='order' value='desc' id='ewd-ufaq-order' />
<input type='hidden' name='post_count' value='-1' id='ewd-ufaq-post-count' />
<input type='hidden' name='current_url' value='/index.php?rest_route=%2Fwp%2Fv2%2Fufaq%2F1216' id='ewd-ufaq-current-url' />
	
	
	<div class='ewd-ufaq-faqs'>

		<div  class="ewd-ufaq-faq-div ewd-ufaq-faq-column-count-one ewd-ufaq-faq-responsive-columns- ewd-ufaq-faq-display-style-default ewd-ufaq-can-be-toggled" id='ewd-ufaq-post-1216-1XRpXk8n1e' data-post_id='1216'>

	<div class='ewd-ufaq-faq-title ewd-ufaq-faq-toggle'>
	
	<a class='ewd-ufaq-post-margin'  href='http://www.dgrsantiago.gov.ar/?ufaq=que-documentacion-se-debe-acompanar-para-obtener-el-beneficio-de-exencion-del-art-356-inc-d-de-la-ley-6-792-y-sus-modificatorias-referido-a-los-automotores-destinados-especi'>

		<div class='ewd-ufaq-post-margin-symbol ewd-ufaq-square'>
			<span >A</span>
		</div>

		<div class='ewd-ufaq-faq-title-text'>

			<h4>
				¿QUÉ DOCUMENTACIÓN SE DEBE ACOMPAÑAR PARA OBTENER EL BENEFICIO DE EXENCIÓN DEL ART. 356 INC.  “D” DE LA LEY 6.792 Y SUS MODIFICATORIAS REFERIDO A LOS AUTOMOTORES DESTINADOS ESPECIALMENTE AL MANEJO O TRASLADO DE PERSONAS DISCAPACITADAS?			</h4>

		</div>

		<div class='ewd-ufaq-clear'></div>

	</a>
	
</div>
	
	<div class='ewd-ufaq-faq-body ' >

		
			
		
			<div class='ewd-ufaq-post-margin ewd-ufaq-faq-post'>
	<p>La Resolución General 105/06 establece los requisitos para la solicitud de exención al impuesto automotor efectuada por personas discapacitadas, de acuerdo a lo establecido en el ART. 356º de la Ley 6792 y sus modificatorias. Debiendo tenerse en cuenta que el beneficio alcanzará únicamente un vehículo automotor por propietario.</p>
<ol>
<li>Formulario F.601-Solicitud de Exención Impositiva RG 09/2008, firmada por la persona discapacitada, padres, cónyuges o persona que tenga la guarda judicial, previo pago de la tasa retributiva de servicios.<a href="http://www.dgrsantiago.gob.ar/wp-content/uploads/2017/11/F-601.pdf"><img loading="lazy" decoding="async" class="alignnone wp-image-1146 size-full" src="http://www.dgrsantiago.gob.ar/wp-content/uploads/2017/11/iconos-2.png" alt="" width="200" height="49" /></a></li>
<li>Certificado de residencia de los padres, cónyuges o persona que tenga la guarda judicial, para acreditar que conviven con la persona discapacitada.</li>
<li>Copia del título automotor certificada por el Registro Nacional de Propiedad Automotor.</li>
<li>Certificado Médico expedido por el Ministerio de Salud Pública, Centro de Rehabilitación del Lisiado u otra Autoridad oficial con competencia para hacerlo, con firma de la autoridad superior a cargo del organismo.</li>
<li>Declaración jurada de la policía manifestando que el vehículo es el único bien para el que se solicita la exención. En caso de padres, cónyuges o tutor legal se debe acompañar DDJJ manifestando que el vehículo está especialmente destinado al traslado de la persona con necesidades especiales.</li>
</ol>
<p><strong> </strong></p>
<ul>
<li><strong>¿Cómo se procede si la presentación la realiza el curador de la persona incapaz?</strong></li>
</ul>
<p>El curador debe presentar:</p>
<ul>
<li>Certificado de incapacidad</li>
<li>Certificado de curatela</li>
<li>Certificado de residencia de ambos</li>
</ul>
<p><strong> </strong></p>
<p> </p>
<ul>
<li><strong>¿Cuándo se produce la caducidad del beneficio? </strong></li>
</ul>
<p>El beneficio caduca en los siguientes casos:</p>
<p>-Transferencia o denuncia de venta del vehículo</p>
<p>-Vencimiento del certificado de incapacidad</p>
<p>-Cese de las condiciones de discapacidad física</p>
<p> </p>
<p> </p>
<ul>
<li><strong>¿Qué ocurre si cambian las condiciones de discapacidad y/o se realiza la transferencia o denuncia de venta del vehículo?</strong></li>
</ul>
<p>Se debe comunicar de inmediato cualquier cambio producido sea por desaparición de la causa de discapacidad o por cambio en la titularidad del bien, mediante NOTA solicitando la baja y adjuntando la copia de la resolución de exención.</p>
<p> </p>
</div>
		
			<div class='ewd-ufaq-faq-custom-fields'>

	
</div>
		
			
		
			
		
			
		
			
		
			
		
			
		
			
		
	</div>

</div>
	</div>

	
</div>

<p>A ¿QUÉ DOCUMENTACIÓN SE DEBE ACOMPAÑAR PARA OBTENER EL BENEFICIO DE EXENCIÓN DEL ART. 356 INC. “D” DE LA LEY 6.792 Y SUS MODIFICATORIAS REFERIDO A LOS AUTOMOTORES DESTINADOS ESPECIALMENTE AL MANEJO O TRASLADO DE PERSONAS DISCAPACITADAS? La Resolución General 105/06 establece los requisitos para la solicitud de exención al</p>
